culate the greatest common factor of 154 and 1162.
14
What is the greatest common factor of 1450 and 10?
10
What is the greatest common factor of 356 and 979?
89
Calculate the highest common divisor of 441 and 24.
3
Calculate the greatest common divisor of 22082 and 181.
181
Calculate the greatest common divisor of 33 and 99.
33
Calculate the highest common divisor of 4428 and 164.
164
What is the highest common factor of 192 and 17088?
192
What is the highest common factor of 148 and 962?
74
Calculate the highest common divisor of 14 and 2177.
7
Calculate the greatest common factor of 116 and 522.
58
What is the greatest common divisor of 78 and 2678?
26
What is the highest common divisor of 280 and 12460?
140
What is the highest common divisor of 3325 and 175?
175
Calculate the greatest common divisor of 54 and 47115.
27
What is the greatest common divisor of 875 and 35?
35
What is the highest common divisor of 5 and 25?
5
What is the highest common factor of 3 and 48?
3
What is the highest common factor of 1034 and 44?
22
What is the highest common factor of 159 and 212?
53
What is the highest common factor of 1708 and 1316?
28
What is the greatest common divisor of 351 and 65?
13
Calculate the greatest common divisor of 1008 and 63.
63
What is the highest common factor of 1176 and 3675?
147
What is the greatest common divisor of 1048 and 40?
8
What is the highest common factor of 32 and 80?
16
Calculate the highest common divisor of 3 and 1146.
3
Calculate the greatest common factor of 275 and 99.
11
What is the greatest common factor of 1 and 67?
1
Calculate the greatest common divisor of 153 and 45.
9
Calculate the greatest common factor of 5340 and 240.
60
Calculate the greatest common factor of 76398 and 119.
119
What is the greatest common divisor of 45 and 345?
15
What is the greatest common divisor of 22528 and 11?
11
What is the highest common divisor of 49152 and 192?
192
Calculate the greatest common factor of 88 and 2376.
88
What is the greatest common factor of 39 and 507?
39
What is the greatest common divisor of 259 and 148?
37
What is the highest common factor of 559 and 129?
43
What is the highest common divisor of 90530 and 22?
22
Calculate the highest common divisor of 375 and 1050.
75
What is the highest common factor of 120 and 160?
40
Calculate the highest common factor of 33 and 187.
11
What is the greatest common factor of 21 and 2079?
21
Calculate the highest common factor of 361 and 76.
19
Calculate the highest common divisor of 23 and 7958.
23
What is the highest common divisor of 160 and 50?
10
Calculate the greatest common divisor of 19 and 171.
19
Calculate the highest common divisor of 40 and 920.
40
Calculate the highest common factor of 64 and 1760.
32
What is the greatest common factor of 2720 and 50?
10
What is the highest common factor of 35 and 45?
5
Calculate the greatest common divisor of 3611 and 471.
157
What is the highest common factor of 375 and 3630?
15
Calculate the highest common divisor of 25 and 305.
5
What is the highest common factor of 276 and 324?
12
What is the highest common factor of 45 and 963?
9
What is the highest common divisor of 74409 and 51?
51
Calculate the highest common factor of 522 and 108.
18
What is the highest common divisor of 48 and 696?
24
What is the greatest common divisor of 54 and 21897?
27
Calculate the greatest common divisor of 426 and 6.
6
What is the greatest common factor of 8303 and 4693?
361
What is the highest common divisor of 28 and 462?
14
What is the highest common factor of 260 and 325?
65
What is the greatest common factor of 252 and 24?
12
Calculate the highest common factor of 6795 and 30.
15
What is the greatest common factor of 120 and 1455?
15
Calculate the highest common factor of 77 and 715.
11
Calculate the greatest common divisor of 16263 and 78.
39
Calculate the greatest common divisor of 120 and 3030.
30
What is the highest common divisor of 117 and 65?
13
What is the greatest common divisor of 350 and 28?
14
Calculate the highest common factor of 1053 and 13.
13
Calculate the greatest common divisor of 191 and 11.
1
Calculate the greatest common divisor of 565 and 10.
5
Calculate the highest common divisor of 2231 and 97.
97
Calculate the highest common factor of 3 and 543.
3
Calculate the highest common factor of 6 and 78.
6
What is the highest common factor of 64 and 208?
16
Calculate the greatest common divisor of 1703 and 299.
13
What is the highest common divisor of 6 and 837?
3
Calculate the highest common divisor of 30 and 195.
15
What is the greatest common factor of 19 and 2128?
19
What is the greatest common divisor of 1157 and 1513?
89
Calculate the highest common factor of 22199 and 281.
281
What is the greatest common divisor of 484 and 132?
44
Calculate the highest common divisor of 18 and 10.
2
Calculate the greatest common divisor of 765 and 135.
45
What is the highest common factor of 2214 and 82?
82
What is the highest common divisor of 1496 and 16?
8
What is the greatest common factor of 114 and 50160?
114
Calculate the greatest common divisor of 27 and 1233.
9
Calculate the highest common divisor of 85 and 119.
17
Calculate the greatest common factor of 2583 and 1197.
63
What is the highest common divisor of 82 and 2214?
82
What is the greatest common factor of 72 and 92?
4
Calculate the greatest common factor of 110 and 154.
22
Calculate the greatest common factor of 330 and 120.
30
What is the highest common divisor of 156 and 15522?
78
What is the greatest common factor of 114 and 38?
38
Calculate the greatest common divisor of 48 and 3.
3
Calculate the highest common divisor of 6058 and 26.
26
Calculate the highest common divisor of 304 and 16.
16
What is the highest common factor of 104 and 1079?
13
Calculate the highest common factor of 24 and 3080.
8
Calculate the greatest common factor of 299 and 13.
13
What is the greatest common factor of 4 and 1384?
4
What is the greatest common divisor of 99 and 33?
33
Calculate the highest common factor of 154 and 42.
14
Calculate the highest common factor of 16 and 184.
8
Calculate the highest common factor of 128 and 160.
32
Calculate the highest common factor of 1683 and 51.
51
Calculate the highest common divisor of 4016 and 16.
16
What is the greatest common divisor of 4947 and 3201?
291
What is the greatest common factor of 18096 and 26?
26
What is the greatest common divisor of 6 and 2746?
2
What is the highest common factor of 4 and 128?
4
What is the highest common divisor of 32 and 544?
32
Calculate the greatest common factor of 442 and 6409.
221
What is the greatest common divisor of 16 and 58?
2
Calculate the greatest common divisor of 525 and 21.
21
What is the highest common factor of 1343 and 79?
79
What is the highest common divisor of 4 and 1656?
4
Calculate the greatest common factor of 4608 and 18.
18
What is the greatest common divisor of 6 and 8?
2
Calculate the greatest common factor of 416 and 64.
32
Calculate the greatest common divisor of 45 and 243.
9
What is the highest common factor of 128 and 32?
32
What is the highest common factor of 585 and 1521?
117
What is the greatest common factor of 108 and 9?
9
Calculate the highest common factor of 18 and 6.
6
Calculate the highest common factor of 675 and 378.
27
Calculate the greatest common factor of 1293 and 48.
3
What is the highest common factor of 1480 and 440?
40
What is the greatest common factor of 17 and 1377?
17
What is the greatest common factor of 42816 and 192?
192
Calculate the highest common divisor of 2884 and 28.
28
What is the greatest common divisor of 630 and 1995?
105
Calculate the greatest common divisor of 104 and 51064.
104
Calculate the greatest common divisor of 1184 and 50.
2
Calculate the greatest common divisor of 203 and 28.
7
What is the highest common divisor of 966 and 21?
21
Calculate the greatest common divisor of 36 and 68.
4
Calculate the highest common divisor of 560 and 22120.
280
What is the highest common divisor of 1287 and 208?
13
Calculate the highest common divisor of 356 and 244.
4
Calculate the highest common factor of 440 and 4708.
44
Calculate the highest common divisor of 6677 and 33.
11
What is the highest common factor of 299 and 2964?
13
Wha